and 587595.
129
What is the highest common factor of 48 and 3917744?
16
Calculate the greatest common factor of 14644971 and 18183.
957
What is the highest common divisor of 13940120 and 3330?
370
What is the highest common divisor of 117 and 5053113?
117
Calculate the highest common divisor of 22140 and 85119444.
4428
Calculate the highest common factor of 136546911 and 27.
27
What is the greatest common divisor of 142962509 and 233?
233
Calculate the greatest common divisor of 6330312 and 233928.
648
Calculate the greatest common factor of 1340235069 and 102.
51
Calculate the highest common divisor of 43191258 and 132.
66
What is the highest common factor of 20860785 and 854811?
5661
Calculate the greatest common divisor of 2923 and 2588514.
79
What is the greatest common divisor of 15680 and 2042712?
392
Calculate the greatest common factor of 2059031 and 8015020.
13819
Calculate the highest common factor of 69290320 and 1760.
880
Calculate the greatest common factor of 1050145 and 54905.
695
What is the highest common divisor of 1826001 and 27?
9
Calculate the greatest common factor of 11094 and 344086.
86
What is the highest common divisor of 1023 and 488853849?
1023
Calculate the greatest common divisor of 150 and 5223800.
50
What is the greatest common divisor of 69069 and 1192389?
759
Calculate the highest common factor of 1091541 and 3418959.
9021
Calculate the highest common divisor of 11935550 and 154.
22
What is the greatest common factor of 1101244 and 4922?
214
Calculate the highest common factor of 828 and 323370.
18
Calculate the highest common factor of 21573440 and 6720.
2240
Calculate the highest common factor of 61225 and 1214425.
775
Calculate the highest common factor of 27482 and 50596.
182
Calculate the highest common divisor of 1716377 and 7631.
13
Calculate the highest common divisor of 3080 and 11119955.
385
What is the greatest common divisor of 2674866 and 876?
438
What is the greatest common divisor of 1244 and 84?
4
Calculate the highest common factor of 2419 and 16959978.
41
Calculate the highest common factor of 33540 and 90898560.
2580
Calculate the greatest common divisor of 12977648 and 1148.
164
Calculate the greatest common factor of 120 and 21834280.
40
Calculate the greatest common divisor of 59461 and 102371.
613
Calculate the highest common factor of 84 and 532949368.
28
Calculate the greatest common divisor of 200 and 10105400.
200
What is the greatest common factor of 432 and 224950068?
108
What is the highest common factor of 3609 and 21810390?
1203
What is the greatest common divisor of 3630 and 3402630?
330
Calculate the highest common divisor of 8973055 and 2275.
455
Calculate the highest common factor of 210375535 and 5.
5
What is the highest common factor of 748 and 17871964?
748
What is the greatest common factor of 8838 and 2905866?
18
What is the greatest common factor of 82673394 and 138?
6
What is the greatest common divisor of 848 and 165778064?
848
What is the greatest common factor of 998155900 and 2182?
2182
Calculate the greatest common factor of 3963 and 205338.
3
Calculate the greatest common divisor of 2201 and 940664.
31
Calculate the highest common factor of 62133 and 171387.
417
What is the highest common divisor of 85995 and 4011696?
117
Calculate the greatest common divisor of 7 and 96501405.
7
Calculate the highest common divisor of 452 and 102505916.
452
What is the greatest common divisor of 23627964 and 12?
12
Calculate the highest common factor of 934 and 81468150.
934
What is the highest common divisor of 2280978 and 714?
42
What is the greatest common divisor of 27552252 and 390?
78
Calculate the highest common divisor of 30980593 and 84.
7
What is the greatest common factor of 1742001 and 87?
87
Calculate the greatest common divisor of 168871 and 96585.
47
Calculate the greatest common divisor of 3434995 and 12440.
1555
What is the highest common divisor of 618408 and 55188?
756
Calculate the highest common divisor of 80872 and 939026.
22
What is the highest common factor of 590728432 and 8183?
1169
Calculate the highest common divisor of 31264635 and 610.
305
What is the highest common factor of 589097 and 10793?
251
What is the highest common factor of 3961523 and 122?
61
What is the greatest common factor of 37557884 and 676?
676
Calculate the highest common factor of 51742572 and 462868.
7588
What is the highest common factor of 12698 and 1082051?
907
Calculate the greatest common divisor of 17494788 and 3231.
1077
Calculate the highest common factor of 345960132 and 5586.
798
What is the greatest common factor of 2940 and 2094421?
7
What is the highest common divisor of 28 and 46624844?
28
What is the highest common factor of 38247 and 3355?
671
What is the greatest common divisor of 54 and 54009288?
54
Calculate the highest common divisor of 879361 and 21789.
269
Calculate the highest common divisor of 8208 and 2522934.
1026
Calculate the greatest common factor of 570 and 8195505.
15
Calculate the greatest common factor of 68794 and 3799246.
1298
Calculate the greatest common factor of 285 and 922785.
15
Calculate the highest common divisor of 13992 and 1711158.
318
What is the greatest common divisor of 41751 and 1179?
9
What is the highest common factor of 2510035 and 341?
11
Calculate the greatest common factor of 133 and 74872217.
133
Calculate the highest common factor of 413 and 17761891.
413
Calculate the highest common divisor of 171953544 and 1176.
1176
What is the highest common divisor of 3626 and 7294?
14
What is the greatest common divisor of 3582 and 3505434?
6
Calculate the greatest common divisor of 24 and 1192629.
3
Calculate the highest common divisor of 3945 and 53402150.
1315
What is the greatest common factor of 406387 and 39790?
23
What is the greatest common divisor of 2017511892 and 4356?
4356
What is the highest common factor of 9063 and 1672209?
171
What is the greatest common factor of 190459920 and 7300?
1460
Calculate the greatest common divisor of 167888 and 1358.
14
Calculate the highest common divisor of 19801704 and 728.
104
What is the highest common divisor of 31803520 and 30?
10
Calculate the highest common factor of 3981696 and 11136.
384
Calculate the greatest common factor of 113 and 451454775.
113
What is the highest common factor of 1888 and 5484286?
118
Calculate the greatest common divisor of 1870781 and 92444.
121
What is the highest common divisor of 224598 and 1107?
123
What is the highest common divisor of 12294 and 32902842?
4098
What is the highest common divisor of 817494 and 51972?
426
Calculate the highest common divisor of 31819491 and 484.
121
Calculate the greatest common factor of 678135819 and 279.
93
What is the highest common factor of 459971339 and 1847?
1847
Calculate the greatest common factor of 694 and 5606479.
347
Calculate the greatest common divisor of 2101363 and 12683.
11
Calculate the highest common divisor of 852 and 104068676.
284
Calculate the greatest common factor of 3647 and 7095499.
521
What is the highest common factor of 2533328 and 336?
112
What is the greatest common factor of 3240 and 1183464?
216
Calculate the highest common divisor of 210 and 86710386.
42
Calculate the greatest common factor of 7088080 and 1360.
80
Calculate the highest common divisor of 204782 and 70691.
317
Calculate the highest common divisor of 16082003 and 42.
7
What is the greatest common divisor of 10612668 and 88?
44
What is the greatest common divisor of 72390 and 768096?
762
Calculate the greatest common divisor of 31 and 283059233.
31
Calculate the greatest common divisor of 5 and 1123537.
1
What is the highest common divisor of 88989360 and 5160?
5160
Calculate the greatest common divisor of 2233 and 4220051.
319
What is the greatest common factor of 42874 and 225292976?
3298
What is the greatest common factor of 218552619 and 7218?
1203
What is the greatest common factor of 36512 and 879711?
1141
Calculate the greatest common factor of 70016387 and 19.
19
What is the highest common divisor of 43648 and 6520261?
341
Calculate the highest common factor of 13993388 and 27196.
2092
Calculate the greatest common factor of 8722914 and 1416.
354
What is the highest common factor of 7637535 and 25?
5
Wha